{"id":1460,"date":"2023-09-25T17:36:57","date_gmt":"2023-09-25T20:36:57","guid":{"rendered":"https:\/\/doutorgps.com.br\/?page_id=1460"},"modified":"2023-09-25T17:57:17","modified_gmt":"2023-09-25T20:57:17","slug":"blog","status":"publish","type":"page","link":"https:\/\/doutorgps.com.br\/index.php\/blog\/","title":{"rendered":"Blog"},"content":{"rendered":"\t\t<div data-elementor-type=\"wp-page\" data-elementor-id=\"1460\" class=\"elementor elementor-1460\">\n\t\t\t\t\t\t\t\t\t<section class=\"elementor-section elementor-top-section elementor-element elementor-element-942b922 elementor-section-full_width elementor-section-stretched elementor-section-height-default elementor-section-height-default\" data-id=\"942b922\" data-element_type=\"section\" data-settings=\"{&quot;stretch_section&quot;:&quot;section-stretched&quot;}\">\n\t\t\t\t\t\t<div class=\"elementor-container elementor-column-gap-no\">\n\t\t\t\t\t<div class=\"elementor-column elementor-col-100 elementor-top-column elementor-element elementor-element-6f50db6\" data-id=\"6f50db6\" data-element_type=\"column\">\n\t\t\t<div class=\"elementor-widget-wrap elementor-element-populated\">\n\t\t\t\t\t\t\t\t<div class=\"elementor-element elementor-element-2b648b4 elementor-widget elementor-widget-image\" data-id=\"2b648b4\" data-element_type=\"widget\" data-widget_type=\"image.default\">\n\t\t\t\t<div class=\"elementor-widget-container\">\n\t\t\t<style>\/*! elementor - v3.15.0 - 09-08-2023 *\/\n.elementor-widget-image{text-align:center}.elementor-widget-image a{display:inline-block}.elementor-widget-image a img[src$=\".svg\"]{width:48px}.elementor-widget-image img{vertical-align:middle;display:inline-block}<\/style>\t\t\t\t\t\t\t\t\t\t\t\t<img decoding=\"async\" width=\"1024\" height=\"576\" src=\"https:\/\/doutorgps.com.br\/wp-content\/uploads\/2023\/09\/DoutorGPS-Manutencao-Relogios-Esportivos-Manutencao-GPS-Garmin-1024x576.webp\" class=\"attachment-large size-large wp-image-1374\" alt=\"DoutorGPS Manuten\u00e7\u00e3o Rel\u00f3gios Esportivos Manuten\u00e7\u00e3o GPS Garmin S\u00e3o Jos\u00e9 dos Campos S\u00e3o Paulo\" loading=\"lazy\" srcset=\"https:\/\/doutorgps.com.br\/wp-content\/uploads\/2023\/09\/DoutorGPS-Manutencao-Relogios-Esportivos-Manutencao-GPS-Garmin-1024x576.webp 1024w, https:\/\/doutorgps.com.br\/wp-content\/uploads\/2023\/09\/DoutorGPS-Manutencao-Relogios-Esportivos-Manutencao-GPS-Garmin-300x169.webp 300w, https:\/\/doutorgps.com.br\/wp-content\/uploads\/2023\/09\/DoutorGPS-Manutencao-Relogios-Esportivos-Manutencao-GPS-Garmin-768x432.webp 768w, https:\/\/doutorgps.com.br\/wp-content\/uploads\/2023\/09\/DoutorGPS-Manutencao-Relogios-Esportivos-Manutencao-GPS-Garmin-1536x864.webp 1536w, https:\/\/doutorgps.com.br\/wp-content\/uploads\/2023\/09\/DoutorGPS-Manutencao-Relogios-Esportivos-Manutencao-GPS-Garmin-2048x1152.webp 2048w\" sizes=\"(max-width: 1024px) 100vw, 1024px\" \/>\t\t\t\t\t\t\t\t\t\t\t\t\t\t\t<\/div>\n\t\t\t\t<\/div>\n\t\t\t\t\t<\/div>\n\t\t<\/div>\n\t\t\t\t\t\t\t<\/div>\n\t\t<\/section>\n\t\t\t\t<section class=\"elementor-section elementor-top-section elementor-element elementor-element-2576345 elementor-section-boxed elementor-section-height-default elementor-section-height-default\" data-id=\"2576345\" data-element_type=\"section\">\n\t\t\t\t\t\t<div class=\"elementor-container elementor-column-gap-default\">\n\t\t\t\t\t<div class=\"elementor-column elementor-col-100 elementor-top-column elementor-element elementor-element-ff120cb\" data-id=\"ff120cb\" data-element_type=\"column\">\n\t\t\t<div class=\"elementor-widget-wrap elementor-element-populated\">\n\t\t\t\t\t\t\t\t<div class=\"elementor-element elementor-element-bc53496 elementor-widget elementor-widget-spacer\" data-id=\"bc53496\" data-element_type=\"widget\" data-widget_type=\"spacer.default\">\n\t\t\t\t<div class=\"elementor-widget-container\">\n\t\t\t<style>\/*! elementor - v3.15.0 - 09-08-2023 *\/\n.elementor-column .elementor-spacer-inner{height:var(--spacer-size)}.e-con{--container-widget-width:100%}.e-con-inner>.elementor-widget-spacer,.e-con>.elementor-widget-spacer{width:var(--container-widget-width,var(--spacer-size));--align-self:var(--container-widget-align-self,initial);--flex-shrink:0}.e-con-inner>.elementor-widget-spacer>.elementor-widget-container,.e-con-inner>.elementor-widget-spacer>.elementor-widget-container>.elementor-spacer,.e-con>.elementor-widget-spacer>.elementor-widget-container,.e-con>.elementor-widget-spacer>.elementor-widget-container>.elementor-spacer{height:100%}.e-con-inner>.elementor-widget-spacer>.elementor-widget-container>.elementor-spacer>.elementor-spacer-inner,.e-con>.elementor-widget-spacer>.elementor-widget-container>.elementor-spacer>.elementor-spacer-inner{height:var(--container-widget-height,var(--spacer-size))}<\/style>\t\t<div class=\"elementor-spacer\">\n\t\t\t<div class=\"elementor-spacer-inner\"><\/div>\n\t\t<\/div>\n\t\t\t\t<\/div>\n\t\t\t\t<\/div>\n\t\t\t\t<div class=\"elementor-element elementor-element-116f1b4 elementor-grid-3 elementor-grid-tablet-2 elementor-grid-mobile-1 elementor-posts--thumbnail-top elementor-widget elementor-widget-posts\" data-id=\"116f1b4\" data-element_type=\"widget\" data-settings=\"{&quot;classic_columns&quot;:&quot;3&quot;,&quot;classic_columns_tablet&quot;:&quot;2&quot;,&quot;classic_columns_mobile&quot;:&quot;1&quot;,&quot;classic_row_gap&quot;:{&quot;unit&quot;:&quot;px&quot;,&quot;size&quot;:35,&quot;sizes&quot;:[]},&quot;classic_row_gap_tablet&quot;:{&quot;unit&quot;:&quot;px&quot;,&quot;size&quot;:&quot;&quot;,&quot;sizes&quot;:[]},&quot;classic_row_gap_mobile&quot;:{&quot;unit&quot;:&quot;px&quot;,&quot;size&quot;:&quot;&quot;,&quot;sizes&quot;:[]}}\" data-widget_type=\"posts.classic\">\n\t\t\t\t<div class=\"elementor-widget-container\">\n\t\t\t<link rel=\"stylesheet\" href=\"https:\/\/doutorgps.com.br\/wp-content\/plugins\/elementor-pro\/assets\/css\/widget-posts.min.css\">\t\t<div class=\"elementor-posts-container elementor-posts elementor-posts--skin-classic elementor-grid\">\n\t\t\t\t<article class=\"elementor-post elementor-grid-item post-1468 post type-post status-publish format-standard has-post-thumbnail hentry category-sem-categoria\">\n\t\t\t\t<a class=\"elementor-post__thumbnail__link\" href=\"https:\/\/doutorgps.com.br\/index.php\/2023\/09\/25\/navegando-pelos-seculos-a-fascinante-historia-do-sistema-de-gps\/\" >\n\t\t\t<div class=\"elementor-post__thumbnail\"><img decoding=\"async\" width=\"300\" height=\"169\" src=\"https:\/\/doutorgps.com.br\/wp-content\/uploads\/2023\/09\/DoutorGPS-Manutencao-Relogios-Esportivos-Manutencao-GPS-Garmin-300x169.webp\" class=\"attachment-medium size-medium wp-image-1374\" alt=\"DoutorGPS Manuten\u00e7\u00e3o Rel\u00f3gios Esportivos Manuten\u00e7\u00e3o GPS Garmin S\u00e3o Jos\u00e9 dos Campos S\u00e3o Paulo\" loading=\"lazy\" srcset=\"https:\/\/doutorgps.com.br\/wp-content\/uploads\/2023\/09\/DoutorGPS-Manutencao-Relogios-Esportivos-Manutencao-GPS-Garmin-300x169.webp 300w, https:\/\/doutorgps.com.br\/wp-content\/uploads\/2023\/09\/DoutorGPS-Manutencao-Relogios-Esportivos-Manutencao-GPS-Garmin-1024x576.webp 1024w, https:\/\/doutorgps.com.br\/wp-content\/uploads\/2023\/09\/DoutorGPS-Manutencao-Relogios-Esportivos-Manutencao-GPS-Garmin-768x432.webp 768w, https:\/\/doutorgps.com.br\/wp-content\/uploads\/2023\/09\/DoutorGPS-Manutencao-Relogios-Esportivos-Manutencao-GPS-Garmin-1536x864.webp 1536w, https:\/\/doutorgps.com.br\/wp-content\/uploads\/2023\/09\/DoutorGPS-Manutencao-Relogios-Esportivos-Manutencao-GPS-Garmin-2048x1152.webp 2048w\" sizes=\"(max-width: 300px) 100vw, 300px\" \/><\/div>\n\t\t<\/a>\n\t\t\t\t<div class=\"elementor-post__text\">\n\t\t\t\t<h3 class=\"elementor-post__title\">\n\t\t\t<a href=\"https:\/\/doutorgps.com.br\/index.php\/2023\/09\/25\/navegando-pelos-seculos-a-fascinante-historia-do-sistema-de-gps\/\" >\n\t\t\t\t\t\t\t<\/a>\n\t\t<\/h3>\n\t\t\t\t<div class=\"elementor-post__meta-data\">\n\t\t\t\t\t<span class=\"elementor-post-date\">\n\t\t\t25 de setembro de 2023\t\t<\/span>\n\t\t\t\t<span class=\"elementor-post-avatar\">\n\t\t\tNenhum coment\u00e1rio\t\t<\/span>\n\t\t\t\t<\/div>\n\t\t\t\t<div class=\"elementor-post__excerpt\">\n\t\t\t<p>Navegando Pelos S\u00e9culos: A Fascinante Hist\u00f3ria do Sistema de GPS Desde a sua cria\u00e7\u00e3o, o Sistema de Posicionamento Global (GPS) revolucionou a forma como navegamos<\/p>\n\t\t<\/div>\n\t\t\n\t\t<a class=\"elementor-post__read-more\" href=\"https:\/\/doutorgps.com.br\/index.php\/2023\/09\/25\/navegando-pelos-seculos-a-fascinante-historia-do-sistema-de-gps\/\" aria-label=\"Read more about \" >\n\t\t\tRead More \u00bb\t\t<\/a>\n\n\t\t\t\t<\/div>\n\t\t\t\t<\/article>\n\t\t\t\t<\/div>\n\t\t\n\t\t\t\t<\/div>\n\t\t\t\t<\/div>\n\t\t\t\t\t<\/div>\n\t\t<\/div>\n\t\t\t\t\t\t\t<\/div>\n\t\t<\/section>\n\t\t\t\t\t\t\t<\/div>\n\t\t","protected":false},"excerpt":{"rendered":"","protected":false},"author":2,"featured_media":0,"parent":0,"menu_order":0,"comment_status":"closed","ping_status":"closed","template":"","meta":{"site-sidebar-layout":"default","site-content-layout":"default","ast-global-header-display":"","ast-main-header-display":"","ast-hfb-above-header-display":"","ast-hfb-below-header-display":"","ast-hfb-mobile-header-display":"","site-post-title":"disabled","ast-breadcrumbs-content":"","ast-featured-img":"","footer-sml-layout":"","theme-transparent-header-meta":"","adv-header-id-meta":"","stick-header-meta":"","header-above-stick-meta":"","header-main-stick-meta":"","header-below-stick-meta":"","_joinchat":[]},"_links":{"self":[{"href":"https:\/\/doutorgps.com.br\/index.php\/wp-json\/wp\/v2\/pages\/1460"}],"collection":[{"href":"https:\/\/doutorgps.com.br\/index.php\/wp-json\/wp\/v2\/pages"}],"about":[{"href":"https:\/\/doutorgps.com.br\/index.php\/wp-json\/wp\/v2\/types\/page"}],"author":[{"embeddable":true,"href":"https:\/\/doutorgps.com.br\/index.php\/wp-json\/wp\/v2\/users\/2"}],"replies":[{"embeddable":true,"href":"https:\/\/doutorgps.com.br\/index.php\/wp-json\/wp\/v2\/comments?post=1460"}],"version-history":[{"count":5,"href":"https:\/\/doutorgps.com.br\/index.php\/wp-json\/wp\/v2\/pages\/1460\/revisions"}],"predecessor-version":[{"id":1466,"href":"https:\/\/doutorgps.com.br\/index.php\/wp-json\/wp\/v2\/pages\/1460\/revisions\/1466"}],"wp:attachment":[{"href":"https:\/\/doutorgps.com.br\/index.php\/wp-json\/wp\/v2\/media?parent=1460"}],"curies":[{"name":"wp","href":"https:\/\/api.w.org\/{rel}","templated":true}]}}