{"id":213,"date":"2023-03-22T13:54:11","date_gmt":"2023-03-22T16:54:11","guid":{"rendered":"https:\/\/doutorgps.com.br\/?page_id=213"},"modified":"2023-09-25T19:21:21","modified_gmt":"2023-09-25T22:21:21","slug":"manutencao-especializada-gps-relogio-esportivo","status":"publish","type":"page","link":"https:\/\/doutorgps.com.br\/index.php\/manutencao-especializada-gps-relogio-esportivo\/","title":{"rendered":"Manuten\u00e7\u00e3o Especializada"},"content":{"rendered":"\t\t<div data-elementor-type=\"wp-page\" data-elementor-id=\"213\" class=\"elementor elementor-213\">\n\t\t\t\t\t\t\t\t\t<section class=\"elementor-section elementor-top-section elementor-element elementor-element-6291542c elementor-section-full_width elementor-section-height-full elementor-section-stretched elementor-section-items-stretch elementor-section-height-default\" data-id=\"6291542c\" data-element_type=\"section\" data-settings=\"{&quot;stretch_section&quot;:&quot;section-stretched&quot;}\">\n\t\t\t\t\t\t<div class=\"elementor-container elementor-column-gap-no\">\n\t\t\t\t\t<div class=\"elementor-column elementor-col-100 elementor-top-column elementor-element elementor-element-4966e67b\" data-id=\"4966e67b\" data-element_type=\"column\">\n\t\t\t<div class=\"elementor-widget-wrap elementor-element-populated\">\n\t\t\t\t\t\t\t\t<div class=\"elementor-element elementor-element-dd3488e elementor-widget elementor-widget-image\" data-id=\"dd3488e\" data-element_type=\"widget\" data-widget_type=\"image.default\">\n\t\t\t\t<div class=\"elementor-widget-container\">\n\t\t\t<style>\/*! elementor - v3.15.0 - 09-08-2023 *\/\n.elementor-widget-image{text-align:center}.elementor-widget-image a{display:inline-block}.elementor-widget-image a img[src$=\".svg\"]{width:48px}.elementor-widget-image img{vertical-align:middle;display:inline-block}<\/style>\t\t\t\t\t\t\t\t\t\t\t\t<img decoding=\"async\" width=\"1424\" height=\"800\" src=\"https:\/\/doutorgps.com.br\/wp-content\/uploads\/2023\/09\/Manutencao-Especializada-em-GPS-e-Relogios-Esportivos.webp\" class=\"attachment-full size-full wp-image-1486\" alt=\"Manuten\u00e7\u00e3o Especializada em GPS e Rel\u00f3gios Esportivos\" loading=\"lazy\" srcset=\"https:\/\/doutorgps.com.br\/wp-content\/uploads\/2023\/09\/Manutencao-Especializada-em-GPS-e-Relogios-Esportivos.webp 1424w, https:\/\/doutorgps.com.br\/wp-content\/uploads\/2023\/09\/Manutencao-Especializada-em-GPS-e-Relogios-Esportivos-300x169.webp 300w, https:\/\/doutorgps.com.br\/wp-content\/uploads\/2023\/09\/Manutencao-Especializada-em-GPS-e-Relogios-Esportivos-1024x575.webp 1024w, https:\/\/doutorgps.com.br\/wp-content\/uploads\/2023\/09\/Manutencao-Especializada-em-GPS-e-Relogios-Esportivos-768x431.webp 768w\" sizes=\"(max-width: 1424px) 100vw, 1424px\" \/>\t\t\t\t\t\t\t\t\t\t\t\t\t\t\t<\/div>\n\t\t\t\t<\/div>\n\t\t\t\t\t<\/div>\n\t\t<\/div>\n\t\t\t\t\t\t\t<\/div>\n\t\t<\/section>\n\t\t\t\t<section class=\"elementor-section elementor-top-section elementor-element elementor-element-3d672298 elementor-section-height-min-height elementor-section-boxed elementor-section-height-default elementor-section-items-middle\" data-id=\"3d672298\" data-element_type=\"section\">\n\t\t\t\t\t\t<div class=\"elementor-container elementor-column-gap-default\">\n\t\t\t\t\t<div class=\"elementor-column elementor-col-100 elementor-top-column elementor-element elementor-element-1ccce16\" data-id=\"1ccce16\" data-element_type=\"column\">\n\t\t\t<div class=\"elementor-widget-wrap elementor-element-populated\">\n\t\t\t\t\t\t\t\t<div class=\"elementor-element elementor-element-6216582f elementor-widget elementor-widget-text-editor\" data-id=\"6216582f\" data-element_type=\"widget\" data-widget_type=\"text-editor.default\">\n\t\t\t\t<div class=\"elementor-widget-container\">\n\t\t\t<style>\/*! elementor - v3.15.0 - 09-08-2023 *\/\n.elementor-widget-text-editor.elementor-drop-cap-view-stacked .elementor-drop-cap{background-color:#69727d;color:#fff}.elementor-widget-text-editor.elementor-drop-cap-view-framed .elementor-drop-cap{color:#69727d;border:3px solid;background-color:transparent}.elementor-widget-text-editor:not(.elementor-drop-cap-view-default) .elementor-drop-cap{margin-top:8px}.elementor-widget-text-editor:not(.elementor-drop-cap-view-default) .elementor-drop-cap-letter{width:1em;height:1em}.elementor-widget-text-editor .elementor-drop-cap{float:left;text-align:center;line-height:1;font-size:50px}.elementor-widget-text-editor .elementor-drop-cap-letter{display:inline-block}<\/style>\t\t\t\t<p style=\"text-align: left;\">Nossa equipe possui especialistas em eletr\u00f4nica e programa\u00e7\u00e3o com mais de uma d\u00e9cada de experi\u00eancia no reparo dos mais diversos tipos de GPS.<\/p><p style=\"text-align: left;\">Trabalhamos com as maiores marcas do mercado. Nossos t\u00e9cnicos estar\u00e3o \u00e0 disposi\u00e7\u00e3o para ajudar com transpar\u00eancia e clareza. Seja qual for o seu problema, estaremos aqui para orientar.<br \/><br \/><em><strong>Recebemos aparelhos e prestamos assist\u00eancia para todo Brasil atrav\u00e9s dos Correios !. Entre em contato para mais detalhes.<\/strong><\/em><\/p><p style=\"text-align: left;\">\u00a0<\/p>\t\t\t\t\t\t<\/div>\n\t\t\t\t<\/div>\n\t\t\t\t\t<\/div>\n\t\t<\/div>\n\t\t\t\t\t\t\t<\/div>\n\t\t<\/section>\n\t\t\t\t<section class=\"elementor-section elementor-top-section elementor-element elementor-element-578b3db4 elementor-section-height-min-height elementor-section-boxed elementor-section-height-default elementor-section-items-middle\" data-id=\"578b3db4\" data-element_type=\"section\">\n\t\t\t\t\t\t<div class=\"elementor-container elementor-column-gap-no\">\n\t\t\t\t\t<div class=\"elementor-column elementor-col-50 elementor-top-column elementor-element elementor-element-2ae771ed\" data-id=\"2ae771ed\" data-element_type=\"column\">\n\t\t\t<div class=\"elementor-widget-wrap elementor-element-populated\">\n\t\t\t\t\t\t\t\t<div class=\"elementor-element elementor-element-50192765 elementor-widget__width-inherit elementor-widget elementor-widget-boosted-elements-image-comparison\" data-id=\"50192765\" data-element_type=\"widget\" data-widget_type=\"boosted-elements-image-comparison.default\">\n\t\t\t\t<div class=\"elementor-widget-container\">\n\t\t\t\t\n\t\n\t\t<div class=\"boosted-elements-progression-image-comparison-container boosted-img-compare-position-top\">\t\t\t\n\t\t<div id=\"BoostedImageCompare-50192765\">\n\t\t    <!-- The first div will be the front element, to prevent FOUC add a style=\"display: none;\" -->\n\t\t    <div class=\"BoostedImageCompareBeforeHidden\">\n\t\t        <span class=\"images-compare-label\">Antes<\/span>\t\t\t\t\t  \n\t\t\t\t\t\t\t        <img decoding=\"async\" src=\"https:\/\/doutorgps.com.br\/wp-content\/uploads\/elementor\/thumbs\/relogio-antes-q46vdwzn1zdr8yfnn71ockxudafbnn21x242q479mw.jpg\" alt=\"Antes\">\n\t\t    <\/div>\n\t\t    <!-- This div will be the back element -->\n\t\t    <div class=\"BoostedImageCompareAfter\">\n\t\t        <span class=\"images-compare-label\">Depois<\/span>\t\t        \t\t\t\t\t  \t\t\t\t\t  <img decoding=\"async\" src=\"https:\/\/doutorgps.com.br\/wp-content\/uploads\/elementor\/thumbs\/relogio-depois-q46vdxxh8tf1kkeahpgax2payoaovc5s96rk7e5vgo.jpg\" alt=\"Depois\">\n\t\t\t\t \t\t    <\/div>\n\t\t<\/div>\n\t<\/div><!-- close .boosted-elements-progression-image-comparison-container -->\n\t\t\n\t<script type=\"text\/javascript\"> \n\tjQuery(document).ready(function($) {\n\t\t'use strict';\n\t\t$('#BoostedImageCompare-50192765').imagesCompare({\n\t\t    initVisibleRatio: 0.5,\n\t\t    interactionMode: \"mousemove\",\n\t\t    addSeparator: true,\n\t\t    addDragHandle: true,\n\t\t    animationDuration: 400,\n\t\t    animationEasing: \"swing\",\n\t\t\tprecision: 4\n\t\t});\n\t});\n\t<\/script>\n\t\n\t\t\t<\/div>\n\t\t\t\t<\/div>\n\t\t\t\t\t<\/div>\n\t\t<\/div>\n\t\t\t\t<div class=\"elementor-column elementor-col-50 elementor-top-column elementor-element elementor-element-78cb4e06\" data-id=\"78cb4e06\" data-element_type=\"column\">\n\t\t\t<div class=\"elementor-widget-wrap elementor-element-populated\">\n\t\t\t\t\t\t\t\t<div class=\"elementor-element elementor-element-1e45045e elementor-invisible elementor-widget elementor-widget-text-editor\" data-id=\"1e45045e\" data-element_type=\"widget\" data-settings=\"{&quot;_animation&quot;:&quot;slideInRight&quot;}\" data-widget_type=\"text-editor.default\">\n\t\t\t\t<div class=\"elementor-widget-container\">\n\t\t\t\t\t\t\t<p style=\"text-align: center;\"><span style=\"color: #000000;\"><strong>Especializados em Manuten\u00e7\u00e3o de<br \/>hardware e software de Rel\u00f3gios esportivos<\/strong><\/span><\/p><p><img decoding=\"async\" loading=\"lazy\" class=\"alignnone wp-image-655\" src=\"https:\/\/doutorgps.com.br\/wp-content\/uploads\/2023\/03\/logoGarminTransp-300x150.png\" alt=\"\" width=\"159\" height=\"80\" srcset=\"https:\/\/doutorgps.com.br\/wp-content\/uploads\/2023\/03\/logoGarminTransp-300x150.png 300w, https:\/\/doutorgps.com.br\/wp-content\/uploads\/2023\/03\/logoGarminTransp.png 400w\" sizes=\"(max-width: 159px) 100vw, 159px\" \/><br \/>Rel\u00f3gio Garmin Forerunner\/ F\u00eanix\/ V\u00eanus\/ Instict\/ Epix\/ Vivoactive.<br \/><img decoding=\"async\" loading=\"lazy\" class=\"alignnone wp-image-652\" src=\"https:\/\/doutorgps.com.br\/wp-content\/uploads\/2023\/03\/logoAmazfitTransp-300x150.png\" alt=\"\" width=\"176\" height=\"88\" srcset=\"https:\/\/doutorgps.com.br\/wp-content\/uploads\/2023\/03\/logoAmazfitTransp-300x150.png 300w, https:\/\/doutorgps.com.br\/wp-content\/uploads\/2023\/03\/logoAmazfitTransp.png 400w\" sizes=\"(max-width: 176px) 100vw, 176px\" \/><br \/>Rel\u00f3gio Amazfit Stratos\/ Bip\/ Pace\/ GTS\/ GTR\/ Verge.<br \/><br \/><br \/><\/p><p>Troca de telas \u2013 Bot\u00f5es \u2013 Sensores \u2013 Reparo de Placas<br \/>Troca de bateria \u2013 Carca\u00e7a \u2013 Regrava\u00e7\u00e3o de Firmware<br \/>Aparelho n\u00e3o liga, travado no logo e muito mais.<\/p>\t\t\t\t\t\t<\/div>\n\t\t\t\t<\/div>\n\t\t\t\t\t<\/div>\n\t\t<\/div>\n\t\t\t\t\t\t\t<\/div>\n\t\t<\/section>\n\t\t\t\t<section class=\"elementor-section elementor-top-section elementor-element elementor-element-249c38b3 elementor-section-height-min-height elementor-section-stretched elementor-section-boxed elementor-section-height-default elementor-section-items-middle\" data-id=\"249c38b3\" data-element_type=\"section\" data-settings=\"{&quot;stretch_section&quot;:&quot;section-stretched&quot;}\">\n\t\t\t\t\t\t<div class=\"elementor-container elementor-column-gap-no\">\n\t\t\t\t\t<div class=\"elementor-column elementor-col-50 elementor-top-column elementor-element elementor-element-36269095\" data-id=\"36269095\" data-element_type=\"column\">\n\t\t\t<div class=\"elementor-widget-wrap elementor-element-populated\">\n\t\t\t\t\t\t\t\t<div class=\"elementor-element elementor-element-12b15b21 animated-slow elementor-invisible elementor-widget elementor-widget-text-editor\" data-id=\"12b15b21\" data-element_type=\"widget\" data-settings=\"{&quot;_animation&quot;:&quot;fadeIn&quot;}\" data-widget_type=\"text-editor.default\">\n\t\t\t\t<div class=\"elementor-widget-container\">\n\t\t\t\t\t\t\t<h2 style=\"color: #000000; text-align: center;\">Manuten\u00e7\u00e3o Especializada de hardware<br \/>e software em Ciclo computadores.<\/h2><p style=\"text-align: center;\"><img decoding=\"async\" loading=\"lazy\" class=\"align none wp-image-655\" src=\"https:\/\/doutorgps.com.br\/wp-content\/uploads\/2023\/03\/logoGarminTransp-300x150.png\" alt=\"\" width=\"152\" height=\"76\" srcset=\"https:\/\/doutorgps.com.br\/wp-content\/uploads\/2023\/03\/logoGarminTransp-300x150.png 300w, https:\/\/doutorgps.com.br\/wp-content\/uploads\/2023\/03\/logoGarminTransp.png 400w\" sizes=\"(max-width: 152px) 100vw, 152px\" \/><br \/><span style=\"margin-right: 20px;\">Garmin Edge<\/span><br \/><img decoding=\"async\" loading=\"lazy\" class=\"alignnone wp-image-653\" src=\"https:\/\/doutorgps.com.br\/wp-content\/uploads\/2023\/03\/logobrytonTransp-300x150.png\" alt=\"\" width=\"154\" height=\"77\" srcset=\"https:\/\/doutorgps.com.br\/wp-content\/uploads\/2023\/03\/logobrytonTransp-300x150.png 300w, https:\/\/doutorgps.com.br\/wp-content\/uploads\/2023\/03\/logobrytonTransp.png 400w\" sizes=\"(max-width: 154px) 100vw, 154px\" \/><br \/><span style=\"margin-right: 20px;\">Bryton Ryder<\/span><br \/><img decoding=\"async\" loading=\"lazy\" class=\"alignnone wp-image-667\" src=\"https:\/\/doutorgps.com.br\/wp-content\/uploads\/2023\/03\/logoXOSSTransp3-300x150.png\" alt=\"\" width=\"150\" height=\"75\" srcset=\"https:\/\/doutorgps.com.br\/wp-content\/uploads\/2023\/03\/logoXOSSTransp3-300x150.png 300w, https:\/\/doutorgps.com.br\/wp-content\/uploads\/2023\/03\/logoXOSSTransp3.png 400w\" sizes=\"(max-width: 150px) 100vw, 150px\" \/><br \/><span style=\"margin-right: 20px;\">Xoss Nav\/G \/G+\/ SPRINT<\/span><\/p><p style=\"text-align: center;\"><span style=\"margin-right: 20px;\"> Troca de telas \u2013 Bot\u00f5es \u2013 Sensores \u2013 Reparo de Placas<br \/>Troca de bateria \u2013 Carca\u00e7a \u2013 Regrava\u00e7\u00e3o de Firmawre<br \/>Aparelho n\u00e3o liga, travado no logo e muito mais<\/span><\/p>\t\t\t\t\t\t<\/div>\n\t\t\t\t<\/div>\n\t\t\t\t\t<\/div>\n\t\t<\/div>\n\t\t\t\t<div class=\"elementor-column elementor-col-50 elementor-top-column elementor-element elementor-element-fd6574e\" data-id=\"fd6574e\" data-element_type=\"column\">\n\t\t\t<div class=\"elementor-widget-wrap elementor-element-populated\">\n\t\t\t\t\t\t\t\t<div class=\"elementor-element elementor-element-710d7b05 elementor-widget elementor-widget-boosted-elements-image-comparison\" data-id=\"710d7b05\" data-element_type=\"widget\" data-widget_type=\"boosted-elements-image-comparison.default\">\n\t\t\t\t<div class=\"elementor-widget-container\">\n\t\t\t\t\n\t\n\t\t<div class=\"boosted-elements-progression-image-comparison-container boosted-img-compare-position-top\">\t\t\t\n\t\t<div id=\"BoostedImageCompare-710d7b05\">\n\t\t    <!-- The first div will be the front element, to prevent FOUC add a style=\"display: none;\" -->\n\t\t    <div class=\"BoostedImageCompareBeforeHidden\">\n\t\t        <span class=\"images-compare-label\">Antes<\/span>\t\t\t\t\t  \n\t\t\t\t\t\t\t        <img decoding=\"async\" src=\"https:\/\/doutorgps.com.br\/wp-content\/uploads\/2023\/03\/gpsquebrado.jpg\" alt=\"Antes\">\n\t\t    <\/div>\n\t\t    <!-- This div will be the back element -->\n\t\t    <div class=\"BoostedImageCompareAfter\">\n\t\t        <span class=\"images-compare-label\">Depois<\/span>\t\t        \t\t\t\t\t  \t\t\t\t\t  <img decoding=\"async\" src=\"https:\/\/doutorgps.com.br\/wp-content\/uploads\/elementor\/thumbs\/gpsbom-q3zlunvw2slzhsm53wfj8zkdef0bce5lrvt58iahe0.jpg\" alt=\"Depois\">\n\t\t\t\t \t\t    <\/div>\n\t\t<\/div>\n\t<\/div><!-- close .boosted-elements-progression-image-comparison-container -->\n\t\t\n\t<script type=\"text\/javascript\"> \n\tjQuery(document).ready(function($) {\n\t\t'use strict';\n\t\t$('#BoostedImageCompare-710d7b05').imagesCompare({\n\t\t    initVisibleRatio: 0.5,\n\t\t    interactionMode: \"mousemove\",\n\t\t    addSeparator: true,\n\t\t    addDragHandle: true,\n\t\t    animationDuration: 400,\n\t\t    animationEasing: \"swing\",\n\t\t\tprecision: 4\n\t\t});\n\t});\n\t<\/script>\n\t\n\t\t\t<\/div>\n\t\t\t\t<\/div>\n\t\t\t\t\t<\/div>\n\t\t<\/div>\n\t\t\t\t\t\t\t<\/div>\n\t\t<\/section>\n\t\t\t\t<section class=\"elementor-section elementor-top-section elementor-element elementor-element-4c980e65 elementor-section-height-min-height elementor-section-stretched elementor-section-items-stretch elementor-section-boxed elementor-section-height-default\" data-id=\"4c980e65\" data-element_type=\"section\" data-settings=\"{&quot;stretch_section&quot;:&quot;section-stretched&quot;}\">\n\t\t\t\t\t\t<div class=\"elementor-container elementor-column-gap-no\">\n\t\t\t\t\t<div class=\"elementor-column elementor-col-50 elementor-top-column elementor-element elementor-element-22fe73c0\" data-id=\"22fe73c0\" data-element_type=\"column\">\n\t\t\t<div class=\"elementor-widget-wrap elementor-element-populated\">\n\t\t\t\t\t\t\t\t<div class=\"elementor-element elementor-element-711b4d56 elementor-widget-mobile__width-inherit elementor-widget elementor-widget-boosted-elements-image-comparison\" data-id=\"711b4d56\" data-element_type=\"widget\" data-widget_type=\"boosted-elements-image-comparison.default\">\n\t\t\t\t<div class=\"elementor-widget-container\">\n\t\t\t\t\n\t\n\t\t<div class=\"boosted-elements-progression-image-comparison-container boosted-img-compare-position-top\">\t\t\t\n\t\t<div id=\"BoostedImageCompare-711b4d56\">\n\t\t    <!-- The first div will be the front element, to prevent FOUC add a style=\"display: none;\" -->\n\t\t    <div class=\"BoostedImageCompareBeforeHidden\">\n\t\t        <span class=\"images-compare-label\">Antes<\/span>\t\t\t\t\t  \n\t\t\t\t\t\t\t        <img decoding=\"async\" src=\"https:\/\/doutorgps.com.br\/wp-content\/uploads\/elementor\/thumbs\/bmwEditada-q45cpgd8napfj3qh2tf95tdpd2q0ypeey2sqy8uy6g.png\" alt=\"Antes\">\n\t\t    <\/div>\n\t\t    <!-- This div will be the back element -->\n\t\t    <div class=\"BoostedImageCompareAfter\">\n\t\t        <span class=\"images-compare-label\">Depois<\/span>\t\t        \t\t\t\t\t  \t\t\t\t\t  <img decoding=\"async\" src=\"https:\/\/doutorgps.com.br\/wp-content\/uploads\/2023\/03\/bmwEditada2.png\" alt=\"Depois\">\n\t\t\t\t \t\t    <\/div>\n\t\t<\/div>\n\t<\/div><!-- close .boosted-elements-progression-image-comparison-container -->\n\t\t\n\t<script type=\"text\/javascript\"> \n\tjQuery(document).ready(function($) {\n\t\t'use strict';\n\t\t$('#BoostedImageCompare-711b4d56').imagesCompare({\n\t\t    initVisibleRatio: 0.5,\n\t\t    interactionMode: \"mousemove\",\n\t\t    addSeparator: true,\n\t\t    addDragHandle: true,\n\t\t    animationDuration: 400,\n\t\t    animationEasing: \"swing\",\n\t\t\tprecision: 4\n\t\t});\n\t});\n\t<\/script>\n\t\n\t\t\t<\/div>\n\t\t\t\t<\/div>\n\t\t\t\t\t<\/div>\n\t\t<\/div>\n\t\t\t\t<div class=\"elementor-column elementor-col-50 elementor-top-column elementor-element elementor-element-3c157427\" data-id=\"3c157427\" data-element_type=\"column\">\n\t\t\t<div class=\"elementor-widget-wrap elementor-element-populated\">\n\t\t\t\t\t\t\t\t<div class=\"elementor-element elementor-element-5f70f125 elementor-widget__width-inherit elementor-invisible elementor-widget elementor-widget-text-editor\" data-id=\"5f70f125\" data-element_type=\"widget\" data-settings=\"{&quot;_animation&quot;:&quot;slideInRight&quot;}\" data-widget_type=\"text-editor.default\">\n\t\t\t\t<div class=\"elementor-widget-container\">\n\t\t\t\t\t\t\t<h2 style=\"color: #000000;\">Conserto de hardware e software e atualiza\u00e7\u00e3o em GPS de Carro e Moto<\/h2><p><img decoding=\"async\" loading=\"lazy\" class=\"alignnone wp-image-655\" src=\"https:\/\/doutorgps.com.br\/wp-content\/uploads\/2023\/03\/logoGarminTransp-300x150.png\" alt=\"\" width=\"180\" height=\"90\" srcset=\"https:\/\/doutorgps.com.br\/wp-content\/uploads\/2023\/03\/logoGarminTransp-300x150.png 300w, https:\/\/doutorgps.com.br\/wp-content\/uploads\/2023\/03\/logoGarminTransp.png 400w\" sizes=\"(max-width: 180px) 100vw, 180px\" \/><br \/>Garmin Drive\/ Smart\/ Zumo<\/p><p>\u00a0\u00a0<img decoding=\"async\" loading=\"lazy\" class=\"alignnone wp-image-940\" src=\"https:\/\/doutorgps.com.br\/wp-content\/uploads\/2023\/03\/bmw-300x300.jpg\" alt=\"\" width=\"82\" height=\"82\" srcset=\"https:\/\/doutorgps.com.br\/wp-content\/uploads\/2023\/03\/bmw-300x300.jpg 300w, https:\/\/doutorgps.com.br\/wp-content\/uploads\/2023\/03\/bmw-150x150.jpg 150w, https:\/\/doutorgps.com.br\/wp-content\/uploads\/2023\/03\/bmw-768x768.jpg 768w, https:\/\/doutorgps.com.br\/wp-content\/uploads\/2023\/03\/bmw.jpg 800w\" sizes=\"(max-width: 82px) 100vw, 82px\" \/><br \/>Linha: BMW Motorrad Navigator<\/p><p><img decoding=\"async\" loading=\"lazy\" class=\"wp-image-180\" src=\"https:\/\/doutorgps.com.br\/wp-content\/uploads\/2023\/03\/logo4rodas-300x150.png\" alt=\"\" width=\"88\" height=\"44\" srcset=\"https:\/\/doutorgps.com.br\/wp-content\/uploads\/2023\/03\/logo4rodas-300x150.png 300w, https:\/\/doutorgps.com.br\/wp-content\/uploads\/2023\/03\/logo4rodas.png 400w\" sizes=\"(max-width: 88px) 100vw, 88px\" \/><img decoding=\"async\" loading=\"lazy\" class=\"wp-image-165\" src=\"https:\/\/doutorgps.com.br\/wp-content\/uploads\/2023\/03\/IMG-20230321-WA0036-300x150.jpg\" alt=\"\" width=\"98\" height=\"49\" srcset=\"https:\/\/doutorgps.com.br\/wp-content\/uploads\/2023\/03\/IMG-20230321-WA0036-300x150.jpg 300w, https:\/\/doutorgps.com.br\/wp-content\/uploads\/2023\/03\/IMG-20230321-WA0036.jpg 400w\" sizes=\"(max-width: 98px) 100vw, 98px\" \/><img decoding=\"async\" loading=\"lazy\" class=\"wp-image-164\" src=\"https:\/\/doutorgps.com.br\/wp-content\/uploads\/2023\/03\/IMG-20230321-WA0035-300x150.jpg\" alt=\"\" width=\"96\" height=\"48\" srcset=\"https:\/\/doutorgps.com.br\/wp-content\/uploads\/2023\/03\/IMG-20230321-WA0035-300x150.jpg 300w, https:\/\/doutorgps.com.br\/wp-content\/uploads\/2023\/03\/IMG-20230321-WA0035.jpg 400w\" sizes=\"(max-width: 96px) 100vw, 96px\" \/><img decoding=\"async\" loading=\"lazy\" class=\"wp-image-162 alignnone\" src=\"https:\/\/doutorgps.com.br\/wp-content\/uploads\/2023\/03\/IMG-20230321-WA0033-300x150.jpg\" alt=\"\" width=\"100\" height=\"50\" srcset=\"https:\/\/doutorgps.com.br\/wp-content\/uploads\/2023\/03\/IMG-20230321-WA0033-300x150.jpg 300w, https:\/\/doutorgps.com.br\/wp-content\/uploads\/2023\/03\/IMG-20230321-WA0033.jpg 400w\" sizes=\"(max-width: 100px) 100vw, 100px\" \/><\/p>\t\t\t\t\t\t<\/div>\n\t\t\t\t<\/div>\n\t\t\t\t\t<\/div>\n\t\t<\/div>\n\t\t\t\t\t\t\t<\/div>\n\t\t<\/section>\n\t\t\t\t\t\t\t<\/div>\n\t\t","protected":false},"excerpt":{"rendered":"<p>Nossa equipe possui especialistas em eletr\u00f4nica e programa\u00e7\u00e3o com mais de uma d\u00e9cada de experi\u00eancia no reparo dos mais diversos tipos de GPS. Trabalhamos com as maiores marcas do mercado. Nossos t\u00e9cnicos estar\u00e3o \u00e0 disposi\u00e7\u00e3o para ajudar com transpar\u00eancia e clareza. Seja qual for o seu problema, estaremos aqui para orientar. Recebemos aparelhos e prestamos &hellip;<\/p>\n<p class=\"read-more\"> <a class=\"\" href=\"https:\/\/doutorgps.com.br\/index.php\/manutencao-especializada-gps-relogio-esportivo\/\"> <span class=\"screen-reader-text\">Manuten\u00e7\u00e3o Especializada<\/span> Leia mais &raquo;<\/a><\/p>\n","protected":false},"author":1,"featured_media":0,"parent":0,"menu_order":0,"comment_status":"closed","ping_status":"closed","template":"","meta":{"site-sidebar-layout":"no-sidebar","site-content-layout":"page-builder","ast-global-header-display":"","ast-main-header-display":"","ast-hfb-above-header-display":"","ast-hfb-below-header-display":"","ast-hfb-mobile-header-display":"","site-post-title":"disabled","ast-breadcrumbs-content":"","ast-featured-img":"disabled","footer-sml-layout":"","theme-transparent-header-meta":"","adv-header-id-meta":"","stick-header-meta":"","header-above-stick-meta":"","header-main-stick-meta":"","header-below-stick-meta":"","_joinchat":[]},"_links":{"self":[{"href":"https:\/\/doutorgps.com.br\/index.php\/wp-json\/wp\/v2\/pages\/213"}],"collection":[{"href":"https:\/\/doutorgps.com.br\/index.php\/wp-json\/wp\/v2\/pages"}],"about":[{"href":"https:\/\/doutorgps.com.br\/index.php\/wp-json\/wp\/v2\/types\/page"}],"author":[{"embeddable":true,"href":"https:\/\/doutorgps.com.br\/index.php\/wp-json\/wp\/v2\/users\/1"}],"replies":[{"embeddable":true,"href":"https:\/\/doutorgps.com.br\/index.php\/wp-json\/wp\/v2\/comments?post=213"}],"version-history":[{"count":97,"href":"https:\/\/doutorgps.com.br\/index.php\/wp-json\/wp\/v2\/pages\/213\/revisions"}],"predecessor-version":[{"id":1511,"href":"https:\/\/doutorgps.com.br\/index.php\/wp-json\/wp\/v2\/pages\/213\/revisions\/1511"}],"wp:attachment":[{"href":"https:\/\/doutorgps.com.br\/index.php\/wp-json\/wp\/v2\/media?parent=213"}],"curies":[{"name":"wp","href":"https:\/\/api.w.org\/{rel}","templated":true}]}}